?
263
What is the remainder when 116154243 is divided by 61?
56
Calculate the remainder when 5267266 is divided by 82.
78
Calculate the remainder when 233600 is divided by 25.
0
Calculate the remainder when 2564879 is divided by 104.
31
What is the remainder when 284409076 is divided by 25855370?
6
Calculate the remainder when 2841 is divided by 314.
15
Calculate the remainder when 1472801 is divided by 2054.
83
What is the remainder when 17934 is divided by 487?
402
What is the remainder when 60994029 is divided by 264?
261
Calculate the remainder when 26452708 is divided by 95.
53
What is the remainder when 156289 is divided by 396?
265
Calculate the remainder when 3953369 is divided by 33503.
15
What is the remainder when 149771 is divided by 1552?
779
What is the remainder when 65925 is divided by 2632?
125
Calculate the remainder when 135559 is divided by 1830.
139
Calculate the remainder when 1091153 is divided by 28.
21
Calculate the remainder when 2998294 is divided by 9032.
8702
What is the remainder when 90861553 is divided by 14648?
9
Calculate the remainder when 615767 is divided by 24.
23
What is the remainder when 264059326 is divided by 120520?
6
Calculate the remainder when 7865 is divided by 6886.
979
Calculate the remainder when 1309525 is divided by 5867.
1184
Calculate the remainder when 389939 is divided by 6963.
11
Calculate the remainder when 874430 is divided by 563.
91
What is the remainder when 4393753 is divided by 181?
159
Calculate the remainder when 175073 is divided by 423.
374
Calculate the remainder when 8380218 is divided by 1225.
1218
Calculate the remainder when 1088127 is divided by 36.
27
Calculate the remainder when 13907395 is divided by 2.
1
What is the remainder when 8847769 is divided by 3?
1
What is the remainder when 12706 is divided by 12526?
180
Calculate the remainder when 3346824 is divided by 45227.
26
What is the remainder when 123097 is divided by 24588?
157
What is the remainder when 3677259 is divided by 198?
3
Calculate the remainder when 33460487 is divided by 406.
403
What is the remainder when 5589 is divided by 616?
45
Calculate the remainder when 24579395 is divided by 13.
9
What is the remainder when 102513 is divided by 34069?
306
What is the remainder when 337513 is divided by 84352?
105
What is the remainder when 4196239 is divided by 32783?
15
What is the remainder when 93979713 is divided by 2072?
9
Calculate the remainder when 172937 is divided by 34375.
1062
What is the remainder when 950654 is divided by 341?
287
Calculate the remainder when 421857 is divided by 1944.
9
What is the remainder when 377776 is divided by 812?
196
Calculate the remainder when 7377065 is divided by 62.
57
Calculate the remainder when 139203 is divided by 46302.
297
Calculate the remainder when 4252034 is divided by 13941.
29
What is the remainder when 854650 is divided by 246?
46
What is the remainder when 52644 is divided by 8525?
1494
Calculate the remainder when 630203 is divided by 13433.
12285
Calculate the remainder when 46100 is divided by 5105.
155
What is the remainder when 1646960 is divided by 127?
24
Calculate the remainder when 716437 is divided by 652.
541
What is the remainder when 10856956 is divided by 3618980?
16
Calculate the remainder when 2155643 is divided by 270.
233
What is the remainder when 671253 is divided by 1558?
1313
Calculate the remainder when 84431 is divided by 738.
299
What is the remainder when 175588 is divided by 43?
19
Calculate the remainder when 536862 is divided by 2192.
2014
Calculate the remainder when 2428727 is divided by 478.
9
Calculate the remainder when 4849068 is divided by 692722.
14
Calculate the remainder when 141175561 is divided by 94.
63
Calculate the remainder when 290672 is divided by 3633.
32
Calculate the remainder when 19933425 is divided by 386.
385
What is the remainder when 177264 is divided by 29532?
72
What is the remainder when 7682 is divided by 7661?
21
Calculate the remainder when 1311734 is divided by 4112.
6
Calculate the remainder when 3023480 is divided by 13869.
38
Calculate the remainder when 182523607 is divided by 7300944.
7
Calculate the remainder when 777690 is divided by 555.
135
Calculate the remainder when 8642679 is divided by 132964.
19
Calculate the remainder when 3460243 is divided by 3305.
3213
What is the remainder when 6509770 is divided by 121?
91
What is the remainder when 12422606 is divided by 1123?
1103
What is the remainder when 232698 is divided by 621?
444
What is the remainder when 40157 is divided by 3972?
437
Calculate the remainder when 77070 is divided by 71237.
5833
Calculate the remainder when 3890614 is divided by 309.
304
Calculate the remainder when 7248247 is divided by 127162.
13
What is the remainder when 3422138 is divided by 171106?
18
Calculate the remainder when 531517 is divided by 36.
13
What is the remainder when 5608535 is divided by 101971?
130
What is the remainder when 23811 is divided by 1714?
1529
What is the remainder when 1219625 is divided by 217?
85
Calculate the remainder when 1060264 is divided by 229.
223
What is the remainder when 20394 is divided by 2233?
297
What is the remainder when 9861565 is divided by 1501?
1496
Calculate the remainder when 10387796 is divided by 283.
281
Calculate the remainder when 547691 is divided by 10532.
27
Calculate the remainder when 243430 is divided by 1179.
556
Calculate the remainder when 489492 is divided by 1890.
1872
What is the remainder when 10097839 is divided by 3365944?
7
What is the remainder when 15205035 is divided by 1267086?
3
What is the remainder when 17444556 is divided by 1191?
1170
Calculate the remainder when 28550239 is divided by 6423.
4
What is the remainder when 8513065 is divided by 125?
65
Calculate the remainder when 83094 is divided by 57.
45
What is the remainder when 240650 is divided by 2705?
2610
Calculate the remainder when 534911843 is divided by 1985.
1983
What is the remainder when 11920821 is divided by 7564?
7521
Calculate the remainder when 4101660 is divided by 4101611.
49
Calculate the remainder when 3538391 is divided by 8.
7
Calculate the remainder when 42362 is divided by 10357.
934
What is the remainder when 641131 is divided by 609?
463
What is the remainder when 490528 is divided by 163508?
4
What is the remainder when 10313764 is divided by 10313694?
70
What is the remainder when 7841832 is divided by 131?
41
What is the remainder when 358609066 is divided by 290?
286
Calculate the remainder when 5433833 is divided by 31.
29
Calculate the remainder when 74523 is divided by 7854.
3837
Calculate the remainder when 288055 is divided by 392.
327
What is the remainder when 16382487 is divided by 16751?
9
What is the remainder when 347274 is divided by 4394?
148
Calculate the remainder when 119746 is divided by 14959.
74
Calculate the remainder when 7718375 is divided by 2397.
35
Calculate the remainder when 280537 is divided by 3306.
2833
Calculate the remainder when 73088 is divided by 112.
64
Calculate the remainder when 18007637 is divided by 1286258.
25
Calculate the remainder when 3889257 is divided by 117851.
174
Calculate the remainder when 220922 is divided by 607.
581
What is the remainder when 168667771 is divided by 658?
657
What is the remainder when 1052076 is divided by 210415?
1
What is the remainder when 1667775 is divided by 833837?
101
Calculate the remainder when 363452 is divided by 749.
187
What is the remainder when 1318434 is divided by 32?
2
Calculate the remainder when 11770378 is divided by 1070034.
4
What is the remainder when 317125 is divided by 13606?
4187
What is the remainder when 48407 is divided by 2990?
567
Calculate the remainder when 6566238 is divided by 16.
14
What is the remainder when 1809606 is divided by 668?
662
What is the remainder when 4094052 is divided by 604?
140
Calculate the remainder when 3609691 is divided by 683.
36
What is the remainder when 452694 is divided by 5673?
4527
Calculate the remainder when 7293123 is divided by 594.
585
Calculate the remainder when 84473130 is divided by 10207.
10205
What is the remainder when 35241305 is divided by 6458?
6457
Calculate the remainder when 6421591 is divided by 2669.
2646
Calculate the